{"id":157,"date":"2022-07-28T20:59:55","date_gmt":"2022-07-28T20:59:55","guid":{"rendered":"https:\/\/unab.edu.co\/acreditacion\/?page_id=157"},"modified":"2022-07-28T21:03:20","modified_gmt":"2022-07-28T21:03:20","slug":"beneficios","status":"publish","type":"page","link":"https:\/\/unab.edu.co\/acreditacion\/beneficios\/","title":{"rendered":"Beneficios"},"content":{"rendered":"<p>[et_pb_section fb_built=\u00bb1&#8243; _builder_version=\u00bb4.17.4&#8243; _module_preset=\u00bbdefault\u00bb background_image=\u00bbhttps:\/\/unab.edu.co\/acreditacion\/wp-content\/uploads\/sites\/3\/2022\/07\/bg-decor-fnd-scaled.jpg\u00bb background_position=\u00bbbottom_left\u00bb custom_padding=\u00bb||0px||false|false\u00bb hover_enabled=\u00bb0&#8243; global_colors_info=\u00bb{}\u00bb theme_builder_area=\u00bbpost_content\u00bb sticky_enabled=\u00bb0&#8243;][et_pb_row _builder_version=\u00bb4.17.4&#8243; _module_preset=\u00bbdefault\u00bb global_colors_info=\u00bb{}\u00bb theme_builder_area=\u00bbpost_content\u00bb][et_pb_column type=\u00bb4_4&#8243; _builder_version=\u00bb4.17.4&#8243; _module_preset=\u00bbdefault\u00bb global_colors_info=\u00bb{}\u00bb theme_builder_area=\u00bbpost_content\u00bb][et_pb_text _builder_version=\u00bb4.17.4&#8243; _module_preset=\u00bbdefault\u00bb header_font=\u00bb|700|||||||\u00bb header_text_align=\u00bbcenter\u00bb header_text_color=\u00bb#41516a\u00bb custom_margin=\u00bb||1em||false|false\u00bb custom_padding=\u00bb||0px||false|false\u00bb hover_enabled=\u00bb0&#8243; global_colors_info=\u00bb{}\u00bb theme_builder_area=\u00bbpost_content\u00bb sticky_enabled=\u00bb0&#8243;]<\/p>\n<h1>\u00bfCu\u00e1les son los beneficios?<\/h1>\n<p>[\/et_pb_text][et_pb_divider color=\u00bb#96f8ff\u00bb divider_style=\u00bbdotted\u00bb divider_weight=\u00bb2px\u00bb _builder_version=\u00bb4.17.4&#8243; _module_preset=\u00bbdefault\u00bb width=\u00bb70px\u00bb module_alignment=\u00bbcenter\u00bb custom_margin=\u00bb||1em||false|false\u00bb custom_padding=\u00bb||0px||false|false\u00bb global_colors_info=\u00bb{}\u00bb theme_builder_area=\u00bbpost_content\u00bb][\/et_pb_divider][et_pb_text _builder_version=\u00bb4.17.4&#8243; _module_preset=\u00bbdefault\u00bb text_font=\u00bb|600|||||||\u00bb text_text_color=\u00bb#41516a\u00bb text_font_size=\u00bb15px\u00bb hover_enabled=\u00bb0&#8243; global_colors_info=\u00bb{}\u00bb theme_builder_area=\u00bbpost_content\u00bb sticky_enabled=\u00bb0&#8243; text_orientation=\u00bbcenter\u00bb header_6_text_color=\u00bb#969696&#8243; header_6_line_height=\u00bb2.9em\u00bb]<\/p>\n<p>La Universidad Aut\u00f3noma de Bucaramanga es una Instituci\u00f3n Acreditada Institucionalmente, que pertenece al grupo de las 68* \u00fanicas Instituciones de Educaci\u00f3n Superior en Colombia, entre p\u00fablicas y privadas, que cuenta con dicha Acreditaci\u00f3n. Fue la primera universidad privada de Santander en tener este reconocimiento, inicialmente en diciembre de 2012, y obtuvo su renovaci\u00f3n nuevamente en mayo de 2017, vigente hasta el 25 de mayo del 2023.<\/p>\n<h6>(*Consejo Nacional de Acreditaci\u00f3n y SNIES. Abril 13 de 2021)<\/h6>\n<p>[\/et_pb_text][\/et_pb_column][\/et_pb_row][\/et_pb_section][et_pb_section fb_built=\u00bb1&#8243; theme_builder_area=\u00bbpost_content\u00bb _builder_version=\u00bb4.17.4&#8243; _module_preset=\u00bbdefault\u00bb background_color=\u00bb#f2f2f2&#8243; background_enable_pattern_style=\u00bbon\u00bb background_pattern_style=\u00bbconfetti\u00bb background_pattern_color=\u00bbrgba(0,0,0,0.03)\u00bb hover_enabled=\u00bb0&#8243; sticky_enabled=\u00bb0&#8243;][et_pb_row _builder_version=\u00bb4.17.4&#8243; _module_preset=\u00bbdefault\u00bb column_structure=\u00bb1_3,1_3,1_3&#8243; theme_builder_area=\u00bbpost_content\u00bb][et_pb_column _builder_version=\u00bb4.17.4&#8243; _module_preset=\u00bbdefault\u00bb type=\u00bb1_3&#8243; theme_builder_area=\u00bbpost_content\u00bb][et_pb_icon _builder_version=\u00bb4.17.4&#8243; _module_preset=\u00bbdefault\u00bb theme_builder_area=\u00bbpost_content\u00bb font_icon=\u00bb&#xe052;||divi||400&#8243; icon_color=\u00bb#f7a400&#8243; icon_color__hover_enabled=\u00bbon|desktop\u00bb hover_enabled=\u00bb0&#8243; sticky_enabled=\u00bb0&#8243; icon_color__hover=\u00bb#0c45cc\u00bb icon_width=\u00bb70px\u00bb][\/et_pb_icon][et_pb_text _builder_version=\u00bb4.17.4&#8243; _module_preset=\u00bbdefault\u00bb theme_builder_area=\u00bbpost_content\u00bb text_orientation=\u00bbcenter\u00bb text_text_color=\u00bb#41516a\u00bb text_font_size=\u00bb15px\u00bb text_font=\u00bb|600|||||||\u00bb text_line_height=\u00bb1.5em\u00bb hover_enabled=\u00bb0&#8243; sticky_enabled=\u00bb0&#8243;]<\/p>\n<p>Mayor confianza por parte del sector empresarial y social, quienes tienen la certeza de que los egresados de la Instituci\u00f3n cuentan con formaci\u00f3n de alta calidad.<\/p>\n<p>[\/et_pb_text][\/et_pb_column][et_pb_column _builder_version=\u00bb4.17.4&#8243; _module_preset=\u00bbdefault\u00bb type=\u00bb1_3&#8243; theme_builder_area=\u00bbpost_content\u00bb][et_pb_icon _builder_version=\u00bb4.17.4&#8243; _module_preset=\u00bbdefault\u00bb theme_builder_area=\u00bbpost_content\u00bb font_icon=\u00bb&#xe052;||divi||400&#8243; icon_color=\u00bb#f7a400&#8243; icon_color__hover_enabled=\u00bbon|desktop\u00bb hover_enabled=\u00bb0&#8243; sticky_enabled=\u00bb0&#8243; icon_color__hover=\u00bb#0c45cc\u00bb icon_width=\u00bb70px\u00bb][\/et_pb_icon][et_pb_text _builder_version=\u00bb4.17.4&#8243; _module_preset=\u00bbdefault\u00bb theme_builder_area=\u00bbpost_content\u00bb text_orientation=\u00bbcenter\u00bb text_text_color=\u00bb#41516a\u00bb text_font_size=\u00bb15px\u00bb text_font=\u00bb|600|||||||\u00bb text_line_height=\u00bb1.5em\u00bb hover_enabled=\u00bb0&#8243; sticky_enabled=\u00bb0&#8243;]<\/p>\n<p>Nos ayuda a establecer relaciones estrat\u00e9gicas con las mejores universidades del mundo e importantes aliados internacionales.<\/p>\n<p>[\/et_pb_text][\/et_pb_column][et_pb_column _builder_version=\u00bb4.17.4&#8243; _module_preset=\u00bbdefault\u00bb type=\u00bb1_3&#8243; theme_builder_area=\u00bbpost_content\u00bb][et_pb_icon _builder_version=\u00bb4.17.4&#8243; _module_preset=\u00bbdefault\u00bb theme_builder_area=\u00bbpost_content\u00bb font_icon=\u00bb&#xe052;||divi||400&#8243; icon_color=\u00bb#f7a400&#8243; icon_color__hover_enabled=\u00bbon|desktop\u00bb hover_enabled=\u00bb0&#8243; sticky_enabled=\u00bb0&#8243; icon_color__hover=\u00bb#0c45cc\u00bb icon_width=\u00bb70px\u00bb][\/et_pb_icon][et_pb_text _builder_version=\u00bb4.17.4&#8243; _module_preset=\u00bbdefault\u00bb theme_builder_area=\u00bbpost_content\u00bb text_orientation=\u00bbcenter\u00bb text_text_color=\u00bb#41516a\u00bb text_font_size=\u00bb15px\u00bb text_font=\u00bb|600|||||||\u00bb text_line_height=\u00bb1.5em\u00bb hover_enabled=\u00bb0&#8243; sticky_enabled=\u00bb0&#8243;]<\/p>\n<p>Acceso a oportunidades y apoyos econ\u00f3micos ofrecidos por entidades nacionales e internacionales, exclusivos para instituciones acreditadas, como becas especiales, experiencias internacionales, convenios de doble titulaci\u00f3n, pr\u00e1cticas acad\u00e9micas, entre otros tipos de beneficios.<\/p>\n<p>[\/et_pb_text][\/et_pb_column][\/et_pb_row][et_pb_row _builder_version=\u00bb4.17.4&#8243; _module_preset=\u00bbdefault\u00bb column_structure=\u00bb1_3,1_3,1_3&#8243; theme_builder_area=\u00bbpost_content\u00bb][et_pb_column _builder_version=\u00bb4.17.4&#8243; _module_preset=\u00bbdefault\u00bb type=\u00bb1_3&#8243; theme_builder_area=\u00bbpost_content\u00bb][et_pb_icon _builder_version=\u00bb4.17.4&#8243; _module_preset=\u00bbdefault\u00bb theme_builder_area=\u00bbpost_content\u00bb font_icon=\u00bb&#xe052;||divi||400&#8243; icon_color=\u00bb#f7a400&#8243; icon_color__hover_enabled=\u00bbon|desktop\u00bb hover_enabled=\u00bb0&#8243; sticky_enabled=\u00bb0&#8243; icon_color__hover=\u00bb#0c45cc\u00bb icon_width=\u00bb70px\u00bb][\/et_pb_icon][et_pb_text _builder_version=\u00bb4.17.4&#8243; _module_preset=\u00bbdefault\u00bb theme_builder_area=\u00bbpost_content\u00bb text_orientation=\u00bbcenter\u00bb text_text_color=\u00bb#41516a\u00bb text_font_size=\u00bb15px\u00bb text_font=\u00bb|600|||||||\u00bb text_line_height=\u00bb1.5em\u00bb hover_enabled=\u00bb0&#8243; sticky_enabled=\u00bb0&#8243;]<\/p>\n<p>Participar como l\u00edderes en convocatorias de proyectos de cooperaci\u00f3n.<\/p>\n<p>[\/et_pb_text][\/et_pb_column][et_pb_column _builder_version=\u00bb4.17.4&#8243; _module_preset=\u00bbdefault\u00bb type=\u00bb1_3&#8243; theme_builder_area=\u00bbpost_content\u00bb][et_pb_icon _builder_version=\u00bb4.17.4&#8243; _module_preset=\u00bbdefault\u00bb theme_builder_area=\u00bbpost_content\u00bb font_icon=\u00bb&#xe052;||divi||400&#8243; icon_color=\u00bb#f7a400&#8243; icon_color__hover_enabled=\u00bbon|desktop\u00bb hover_enabled=\u00bb0&#8243; sticky_enabled=\u00bb0&#8243; icon_color__hover=\u00bb#0c45cc\u00bb icon_width=\u00bb70px\u00bb][\/et_pb_icon][et_pb_text _builder_version=\u00bb4.17.4&#8243; _module_preset=\u00bbdefault\u00bb theme_builder_area=\u00bbpost_content\u00bb text_orientation=\u00bbcenter\u00bb text_text_color=\u00bb#41516a\u00bb text_font_size=\u00bb15px\u00bb text_font=\u00bb|600|||||||\u00bb text_line_height=\u00bb1.5em\u00bb hover_enabled=\u00bb0&#8243; sticky_enabled=\u00bb0&#8243;]<\/p>\n<p>Ser una Universidad l\u00edder y referente, que se compromete a tambi\u00e9n a trabajar en red y apoyar en general a la educaci\u00f3n, a trav\u00e9s de cooperaciones con otras IES no acreditadas, compartiendo sus buenas pr\u00e1cticas de alta calidad y perme\u00e1ndola en el sistema educativo nacional.<\/p>\n<p>[\/et_pb_text][\/et_pb_column][et_pb_column _builder_version=\u00bb4.17.4&#8243; _module_preset=\u00bbdefault\u00bb type=\u00bb1_3&#8243; theme_builder_area=\u00bbpost_content\u00bb][et_pb_icon _builder_version=\u00bb4.17.4&#8243; _module_preset=\u00bbdefault\u00bb theme_builder_area=\u00bbpost_content\u00bb font_icon=\u00bb&#xe052;||divi||400&#8243; icon_color=\u00bb#f7a400&#8243; icon_color__hover_enabled=\u00bbon|desktop\u00bb hover_enabled=\u00bb0&#8243; sticky_enabled=\u00bb0&#8243; icon_color__hover=\u00bb#0c45cc\u00bb icon_width=\u00bb70px\u00bb][\/et_pb_icon][et_pb_text _builder_version=\u00bb4.17.4&#8243; _module_preset=\u00bbdefault\u00bb theme_builder_area=\u00bbpost_content\u00bb text_orientation=\u00bbcenter\u00bb text_text_color=\u00bb#41516a\u00bb text_font_size=\u00bb15px\u00bb text_font=\u00bb|600|||||||\u00bb text_line_height=\u00bb1.5em\u00bb hover_enabled=\u00bb0&#8243; sticky_enabled=\u00bb0&#8243; custom_padding=\u00bb0px|||||\u00bb]<\/p>\n<p>Garantizar a nuestros estudiantes, colaboradores y a la sociedad, una educaci\u00f3n con altos est\u00e1ndares de calidad, que escucha permanente sus necesidades y propuestas, como base para implementar mejoras continuas.<\/p>\n<p>[\/et_pb_text][\/et_pb_column][\/et_pb_row][et_pb_row _builder_version=\u00bb4.17.4&#8243; _module_preset=\u00bbdefault\u00bb column_structure=\u00bb1_3,1_3,1_3&#8243; theme_builder_area=\u00bbpost_content\u00bb][et_pb_column _builder_version=\u00bb4.17.4&#8243; _module_preset=\u00bbdefault\u00bb type=\u00bb1_3&#8243; theme_builder_area=\u00bbpost_content\u00bb][et_pb_icon _builder_version=\u00bb4.17.4&#8243; _module_preset=\u00bbdefault\u00bb theme_builder_area=\u00bbpost_content\u00bb font_icon=\u00bb&#xe052;||divi||400&#8243; icon_color=\u00bb#f7a400&#8243; icon_color__hover_enabled=\u00bbon|desktop\u00bb hover_enabled=\u00bb0&#8243; sticky_enabled=\u00bb0&#8243; icon_color__hover=\u00bb#0c45cc\u00bb icon_width=\u00bb70px\u00bb][\/et_pb_icon][et_pb_text _builder_version=\u00bb4.17.4&#8243; _module_preset=\u00bbdefault\u00bb theme_builder_area=\u00bbpost_content\u00bb text_orientation=\u00bbcenter\u00bb text_text_color=\u00bb#41516a\u00bb text_font_size=\u00bb15px\u00bb text_font=\u00bb|600|||||||\u00bb text_line_height=\u00bb1.5em\u00bb hover_enabled=\u00bb0&#8243; sticky_enabled=\u00bb0&#8243;]<\/p>\n<p>Posibilidad de ampliaci\u00f3n de cobertura de programas acreditados y de instituciones acreditadas.<\/p>\n<p>[\/et_pb_text][\/et_pb_column][et_pb_column _builder_version=\u00bb4.17.4&#8243; _module_preset=\u00bbdefault\u00bb type=\u00bb1_3&#8243; theme_builder_area=\u00bbpost_content\u00bb][et_pb_icon _builder_version=\u00bb4.17.4&#8243; _module_preset=\u00bbdefault\u00bb theme_builder_area=\u00bbpost_content\u00bb font_icon=\u00bb&#xe052;||divi||400&#8243; icon_color=\u00bb#f7a400&#8243; icon_color__hover_enabled=\u00bbon|desktop\u00bb hover_enabled=\u00bb0&#8243; sticky_enabled=\u00bb0&#8243; icon_color__hover=\u00bb#0c45cc\u00bb icon_width=\u00bb70px\u00bb][\/et_pb_icon][et_pb_text _builder_version=\u00bb4.17.4&#8243; _module_preset=\u00bbdefault\u00bb theme_builder_area=\u00bbpost_content\u00bb text_orientation=\u00bbcenter\u00bb text_text_color=\u00bb#41516a\u00bb text_font_size=\u00bb15px\u00bb text_font=\u00bb|600|||||||\u00bb text_line_height=\u00bb1.5em\u00bb hover_enabled=\u00bb0&#8243; sticky_enabled=\u00bb0&#8243; custom_padding=\u00bb0px|||||\u00bb]<\/p>\n<p>Fortalecer la identidad y el orgullo institucional.<\/p>\n<p>[\/et_pb_text][\/et_pb_column][et_pb_column _builder_version=\u00bb4.17.4&#8243; _module_preset=\u00bbdefault\u00bb type=\u00bb1_3&#8243; theme_builder_area=\u00bbpost_content\u00bb][et_pb_icon _builder_version=\u00bb4.17.4&#8243; _module_preset=\u00bbdefault\u00bb theme_builder_area=\u00bbpost_content\u00bb font_icon=\u00bb&#xe052;||divi||400&#8243; icon_color=\u00bb#f7a400&#8243; icon_color__hover_enabled=\u00bbon|desktop\u00bb hover_enabled=\u00bb0&#8243; sticky_enabled=\u00bb0&#8243; icon_color__hover=\u00bb#0c45cc\u00bb icon_width=\u00bb70px\u00bb][\/et_pb_icon][et_pb_text _builder_version=\u00bb4.17.4&#8243; _module_preset=\u00bbdefault\u00bb theme_builder_area=\u00bbpost_content\u00bb text_orientation=\u00bbcenter\u00bb text_text_color=\u00bb#41516a\u00bb text_font_size=\u00bb15px\u00bb text_font=\u00bb|600|||||||\u00bb text_line_height=\u00bb1.5em\u00bb hover_enabled=\u00bb0&#8243; sticky_enabled=\u00bb0&#8243; custom_padding=\u00bb0px|||||\u00bb]<\/p>\n<p>Simplificaci\u00f3n de los tr\u00e1mites de registro calificado (No se realizan visitas de verificaci\u00f3n de condiciones de calidad).<\/p>\n<p>[\/et_pb_text][\/et_pb_column][\/et_pb_row][\/et_pb_section]<\/p>\n","protected":false},"excerpt":{"rendered":"<p>\u00bfCu\u00e1les son los beneficios?La Universidad Aut\u00f3noma de Bucaramanga es una Instituci\u00f3n Acreditada Institucionalmente, que pertenece al grupo de las 68* \u00fanicas Instituciones de Educaci\u00f3n Superior en Colombia, entre p\u00fablicas y privadas, que cuenta con dicha Acreditaci\u00f3n. Fue la primera universidad privada de Santander en tener este reconocimiento, inicialmente en diciembre de 2012, y obtuvo su [&hellip;]<\/p>\n","protected":false},"author":1,"featured_media":0,"parent":0,"menu_order":0,"comment_status":"closed","ping_status":"closed","template":"","meta":{"_acf_changed":false,"_et_pb_use_builder":"on","_et_pb_old_content":"","_et_gb_content_width":"","footnotes":""},"class_list":["post-157","page","type-page","status-publish","hentry"],"acf":[],"_links":{"self":[{"href":"https:\/\/unab.edu.co\/acreditacion\/wp-json\/wp\/v2\/pages\/157","targetHints":{"allow":["GET"]}}],"collection":[{"href":"https:\/\/unab.edu.co\/acreditacion\/wp-json\/wp\/v2\/pages"}],"about":[{"href":"https:\/\/unab.edu.co\/acreditacion\/wp-json\/wp\/v2\/types\/page"}],"author":[{"embeddable":true,"href":"https:\/\/unab.edu.co\/acreditacion\/wp-json\/wp\/v2\/users\/1"}],"replies":[{"embeddable":true,"href":"https:\/\/unab.edu.co\/acreditacion\/wp-json\/wp\/v2\/comments?post=157"}],"version-history":[{"count":4,"href":"https:\/\/unab.edu.co\/acreditacion\/wp-json\/wp\/v2\/pages\/157\/revisions"}],"predecessor-version":[{"id":164,"href":"https:\/\/unab.edu.co\/acreditacion\/wp-json\/wp\/v2\/pages\/157\/revisions\/164"}],"wp:attachment":[{"href":"https:\/\/unab.edu.co\/acreditacion\/wp-json\/wp\/v2\/media?parent=157"}],"curies":[{"name":"wp","href":"https:\/\/api.w.org\/{rel}","templated":true}]}}