{"id":171,"date":"2022-07-28T21:21:36","date_gmt":"2022-07-28T21:21:36","guid":{"rendered":"https:\/\/unab.edu.co\/acreditacion\/?page_id=171"},"modified":"2022-10-13T22:58:45","modified_gmt":"2022-10-13T22:58:45","slug":"participantes","status":"publish","type":"page","link":"https:\/\/unab.edu.co\/acreditacion\/participantes\/","title":{"rendered":"Participantes"},"content":{"rendered":"<p>[et_pb_section fb_built=\u00bb1&#8243; _builder_version=\u00bb4.17.4&#8243; _module_preset=\u00bbdefault\u00bb background_image=\u00bbhttps:\/\/unab.edu.co\/acreditacion\/wp-content\/uploads\/sites\/3\/2022\/07\/bg-decor-fnd-scaled.jpg\u00bb background_position=\u00bbbottom_left\u00bb custom_padding=\u00bb||0px||false|false\u00bb global_colors_info=\u00bb{}\u00bb][et_pb_row _builder_version=\u00bb4.17.4&#8243; _module_preset=\u00bbdefault\u00bb global_colors_info=\u00bb{}\u00bb][et_pb_column type=\u00bb4_4&#8243; _builder_version=\u00bb4.17.4&#8243; _module_preset=\u00bbdefault\u00bb global_colors_info=\u00bb{}\u00bb][et_pb_text _builder_version=\u00bb4.17.4&#8243; _module_preset=\u00bbdefault\u00bb header_font=\u00bb|700|||||||\u00bb header_text_align=\u00bbcenter\u00bb header_text_color=\u00bb#41516a\u00bb custom_margin=\u00bb||1em||false|false\u00bb custom_padding=\u00bb||0px||false|false\u00bb global_colors_info=\u00bb{}\u00bb]<\/p>\n<h1>Participantes<\/h1>\n<p>[\/et_pb_text][et_pb_divider color=\u00bb#96f8ff\u00bb divider_style=\u00bbdotted\u00bb divider_weight=\u00bb2px\u00bb _builder_version=\u00bb4.17.4&#8243; _module_preset=\u00bbdefault\u00bb width=\u00bb70px\u00bb module_alignment=\u00bbcenter\u00bb custom_margin=\u00bb||1em||false|false\u00bb custom_padding=\u00bb||0px||false|false\u00bb global_colors_info=\u00bb{}\u00bb][\/et_pb_divider][et_pb_text _builder_version=\u00bb4.17.4&#8243; _module_preset=\u00bbdefault\u00bb text_font=\u00bb|600|||||||\u00bb text_text_color=\u00bb#41516a\u00bb text_font_size=\u00bb15px\u00bb header_4_font=\u00bb|700|||||||\u00bb header_4_text_color=\u00bb#E09900&#8243; header_4_font_size=\u00bb20px\u00bb header_4_line_height=\u00bb1.5em\u00bb header_6_text_color=\u00bb#969696&#8243; header_6_line_height=\u00bb2.9em\u00bb text_orientation=\u00bbcenter\u00bb custom_padding=\u00bb0px|||||\u00bb global_colors_info=\u00bb{}\u00bb]<\/p>\n<h4>\u00a1Un proceso de todos y para todos!<\/h4>\n<p>Las percepciones y aportes de los actores relacionados con nuestra instituci\u00f3n son el insumo m\u00e1s importante para lograr nuestro Prop\u00f3sito Superior, siendo una fuente vital para potenciar fortalezas, identificar oportunidades e implementar mejoras conjuntas. Es por ello que nos esforzamos para lograr participaci\u00f3n y\/o representaci\u00f3n de todos.<\/p>\n<p>[\/et_pb_text][\/et_pb_column][\/et_pb_row][\/et_pb_section][et_pb_section fb_built=\u00bb1&#8243; _builder_version=\u00bb4.17.4&#8243; _module_preset=\u00bbdefault\u00bb background_color=\u00bb#f2f2f2&#8243; background_enable_pattern_style=\u00bbon\u00bb background_pattern_style=\u00bbconfetti\u00bb background_pattern_color=\u00bbrgba(0,0,0,0.03)\u00bb global_colors_info=\u00bb{}\u00bb][et_pb_row column_structure=\u00bb1_3,1_3,1_3&#8243; _builder_version=\u00bb4.17.4&#8243; _module_preset=\u00bbdefault\u00bb global_colors_info=\u00bb{}\u00bb][et_pb_column type=\u00bb1_3&#8243; _builder_version=\u00bb4.17.4&#8243; _module_preset=\u00bbdefault\u00bb global_colors_info=\u00bb{}\u00bb][et_pb_icon font_icon=\u00bb&#xf500;||fa||900&#8243; icon_color=\u00bb#f7a400&#8243; icon_width=\u00bb70px\u00bb _builder_version=\u00bb4.17.4&#8243; _module_preset=\u00bbdefault\u00bb global_colors_info=\u00bb{}\u00bb icon_color__hover_enabled=\u00bbon|desktop\u00bb icon_color__hover=\u00bb#0c45cc\u00bb][\/et_pb_icon][et_pb_text _builder_version=\u00bb4.18.0&#8243; _module_preset=\u00bbdefault\u00bb text_font=\u00bb|600|||||||\u00bb text_text_color=\u00bb#41516a\u00bb text_font_size=\u00bb15px\u00bb text_line_height=\u00bb1.5em\u00bb text_orientation=\u00bbcenter\u00bb hover_enabled=\u00bb0&#8243; global_colors_info=\u00bb{}\u00bb sticky_enabled=\u00bb0&#8243;]<\/p>\n<p><strong>Estudiantes<\/strong><\/p>\n<p><strong>M\u00e1s de 9.000 estudiantes<\/strong>* activos (pregrado, posgrado, educaci\u00f3n continua y consultor\u00eda)<\/p>\n<p style=\"font-size: .7em;\">*Cifra a junio de 2022<\/p>\n<p>[\/et_pb_text][\/et_pb_column][et_pb_column type=\u00bb1_3&#8243; _builder_version=\u00bb4.17.4&#8243; _module_preset=\u00bbdefault\u00bb global_colors_info=\u00bb{}\u00bb][et_pb_icon font_icon=\u00bb&#xf51c;||fa||900&#8243; icon_color=\u00bb#f7a400&#8243; icon_width=\u00bb70px\u00bb _builder_version=\u00bb4.17.4&#8243; _module_preset=\u00bbdefault\u00bb global_colors_info=\u00bb{}\u00bb icon_color__hover_enabled=\u00bbon|desktop\u00bb icon_color__hover=\u00bb#0c45cc\u00bb][\/et_pb_icon][et_pb_text _builder_version=\u00bb4.18.0&#8243; _module_preset=\u00bbdefault\u00bb text_font=\u00bb|600|||||||\u00bb text_text_color=\u00bb#41516a\u00bb text_font_size=\u00bb15px\u00bb text_line_height=\u00bb1.5em\u00bb text_orientation=\u00bbcenter\u00bb hover_enabled=\u00bb0&#8243; global_colors_info=\u00bb{}\u00bb sticky_enabled=\u00bb0&#8243;]<\/p>\n<p><strong>Profesores<\/strong><\/p>\n<p><strong>769 profesores<\/strong>*<\/p>\n<p style=\"font-size: .7em;\">*Cifra a junio de 2022<\/p>\n<p>[\/et_pb_text][\/et_pb_column][et_pb_column type=\u00bb1_3&#8243; _builder_version=\u00bb4.17.4&#8243; _module_preset=\u00bbdefault\u00bb global_colors_info=\u00bb{}\u00bb][et_pb_icon font_icon=\u00bb&#xf508;||fa||900&#8243; icon_color=\u00bb#f7a400&#8243; icon_width=\u00bb70px\u00bb _builder_version=\u00bb4.17.4&#8243; _module_preset=\u00bbdefault\u00bb global_colors_info=\u00bb{}\u00bb icon_color__hover_enabled=\u00bbon|desktop\u00bb icon_color__hover=\u00bb#0c45cc\u00bb][\/et_pb_icon][et_pb_text _builder_version=\u00bb4.18.0&#8243; _module_preset=\u00bbdefault\u00bb text_font=\u00bb|600|||||||\u00bb text_text_color=\u00bb#41516a\u00bb text_font_size=\u00bb15px\u00bb text_line_height=\u00bb1.5em\u00bb text_orientation=\u00bbcenter\u00bb hover_enabled=\u00bb0&#8243; global_colors_info=\u00bb{}\u00bb sticky_enabled=\u00bb0&#8243;]<\/p>\n<p><strong>Junta Directiva y Corporados<\/strong><\/p>\n<p><strong>18 miembros* de Junta Directiva<\/strong> y alrededor de <strong>119 corporados activos**<\/strong><\/p>\n<p style=\"font-size: .7em;\">*Cifra a marzo \u00a0de 2021 | **Cifra a diciembre de 2021.<\/p>\n<p>[\/et_pb_text][\/et_pb_column][\/et_pb_row][et_pb_row column_structure=\u00bb1_3,1_3,1_3&#8243; _builder_version=\u00bb4.17.4&#8243; _module_preset=\u00bbdefault\u00bb global_colors_info=\u00bb{}\u00bb][et_pb_column type=\u00bb1_3&#8243; _builder_version=\u00bb4.17.4&#8243; _module_preset=\u00bbdefault\u00bb global_colors_info=\u00bb{}\u00bb][et_pb_icon font_icon=\u00bb&#xf509;||fa||900&#8243; icon_color=\u00bb#f7a400&#8243; icon_width=\u00bb70px\u00bb _builder_version=\u00bb4.17.4&#8243; _module_preset=\u00bbdefault\u00bb global_colors_info=\u00bb{}\u00bb icon_color__hover_enabled=\u00bbon|desktop\u00bb icon_color__hover=\u00bb#0c45cc\u00bb][\/et_pb_icon][et_pb_text _builder_version=\u00bb4.18.0&#8243; _module_preset=\u00bbdefault\u00bb text_font=\u00bb|600|||||||\u00bb text_text_color=\u00bb#41516a\u00bb text_font_size=\u00bb15px\u00bb text_line_height=\u00bb1.5em\u00bb text_orientation=\u00bbcenter\u00bb hover_enabled=\u00bb0&#8243; global_colors_info=\u00bb{}\u00bb sticky_enabled=\u00bb0&#8243;]<\/p>\n<p><strong>Administrativos<\/strong><\/p>\n<p><strong>631 administrativos<\/strong>*<\/p>\n<p style=\"font-size: .7em;\">*Cifra a junio de 2022<\/p>\n<p>[\/et_pb_text][\/et_pb_column][et_pb_column type=\u00bb1_3&#8243; _builder_version=\u00bb4.17.4&#8243; _module_preset=\u00bbdefault\u00bb global_colors_info=\u00bb{}\u00bb][et_pb_icon font_icon=\u00bb&#xf501;||fa||900&#8243; icon_color=\u00bb#f7a400&#8243; icon_width=\u00bb70px\u00bb _builder_version=\u00bb4.17.4&#8243; _module_preset=\u00bbdefault\u00bb global_colors_info=\u00bb{}\u00bb icon_color__hover_enabled=\u00bbon|desktop\u00bb icon_color__hover=\u00bb#0c45cc\u00bb][\/et_pb_icon][et_pb_text _builder_version=\u00bb4.18.0&#8243; _module_preset=\u00bbdefault\u00bb text_font=\u00bb|600|||||||\u00bb text_text_color=\u00bb#41516a\u00bb text_font_size=\u00bb15px\u00bb text_line_height=\u00bb1.5em\u00bb text_orientation=\u00bbcenter\u00bb hover_enabled=\u00bb0&#8243; global_colors_info=\u00bb{}\u00bb sticky_enabled=\u00bb0&#8243;]<\/p>\n<p><strong>Graduados<\/strong><\/p>\n<p>M\u00e1s de <strong>52.000 graduados<\/strong>*<\/p>\n<p style=\"font-size: .7em;\">*Cifra a junio de 2022<\/p>\n<p>[\/et_pb_text][\/et_pb_column][et_pb_column type=\u00bb1_3&#8243; _builder_version=\u00bb4.17.4&#8243; _module_preset=\u00bbdefault\u00bb global_colors_info=\u00bb{}\u00bb][et_pb_icon font_icon=\u00bb&#xe038;||divi||400&#8243; icon_color=\u00bb#f7a400&#8243; icon_width=\u00bb70px\u00bb _builder_version=\u00bb4.17.4&#8243; _module_preset=\u00bbdefault\u00bb global_colors_info=\u00bb{}\u00bb icon_color__hover_enabled=\u00bbon|desktop\u00bb icon_color__hover=\u00bb#0c45cc\u00bb][\/et_pb_icon][et_pb_text _builder_version=\u00bb4.17.4&#8243; _module_preset=\u00bbdefault\u00bb text_font=\u00bb|600|||||||\u00bb text_text_color=\u00bb#41516a\u00bb text_font_size=\u00bb15px\u00bb text_line_height=\u00bb1.5em\u00bb text_orientation=\u00bbcenter\u00bb global_colors_info=\u00bb{}\u00bb]<\/p>\n<p><strong>Sector productivo y social<\/strong><\/p>\n<p>Representantes de diversos sectores como, social, cultural, salud, empresarial, financiero, estatal, gremial y judicial.<\/p>\n<p>[\/et_pb_text][\/et_pb_column][\/et_pb_row][\/et_pb_section]<\/p>\n","protected":false},"excerpt":{"rendered":"<p>Participantes\u00a1Un proceso de todos y para todos! Las percepciones y aportes de los actores relacionados con nuestra instituci\u00f3n son el insumo m\u00e1s importante para lograr nuestro Prop\u00f3sito Superior, siendo una fuente vital para potenciar fortalezas, identificar oportunidades e implementar mejoras conjuntas. Es por ello que nos esforzamos para lograr participaci\u00f3n y\/o representaci\u00f3n de todos.Estudiantes M\u00e1s [&hellip;]<\/p>\n","protected":false},"author":1,"featured_media":0,"parent":0,"menu_order":0,"comment_status":"closed","ping_status":"closed","template":"","meta":{"_acf_changed":false,"_et_pb_use_builder":"on","_et_pb_old_content":"","_et_gb_content_width":"","footnotes":""},"class_list":["post-171","page","type-page","status-publish","hentry"],"acf":[],"_links":{"self":[{"href":"https:\/\/unab.edu.co\/acreditacion\/wp-json\/wp\/v2\/pages\/171","targetHints":{"allow":["GET"]}}],"collection":[{"href":"https:\/\/unab.edu.co\/acreditacion\/wp-json\/wp\/v2\/pages"}],"about":[{"href":"https:\/\/unab.edu.co\/acreditacion\/wp-json\/wp\/v2\/types\/page"}],"author":[{"embeddable":true,"href":"https:\/\/unab.edu.co\/acreditacion\/wp-json\/wp\/v2\/users\/1"}],"replies":[{"embeddable":true,"href":"https:\/\/unab.edu.co\/acreditacion\/wp-json\/wp\/v2\/comments?post=171"}],"version-history":[{"count":5,"href":"https:\/\/unab.edu.co\/acreditacion\/wp-json\/wp\/v2\/pages\/171\/revisions"}],"predecessor-version":[{"id":503,"href":"https:\/\/unab.edu.co\/acreditacion\/wp-json\/wp\/v2\/pages\/171\/revisions\/503"}],"wp:attachment":[{"href":"https:\/\/unab.edu.co\/acreditacion\/wp-json\/wp\/v2\/media?parent=171"}],"curies":[{"name":"wp","href":"https:\/\/api.w.org\/{rel}","templated":true}]}}

<p>[et_pb_section fb_built=»1&#8243; _builder_version=»4.17.4&#8243; _module_preset=»default» background_image=»https://unab.edu.co/acreditacion/wp-content/uploads/sites/3/2022/07/bg-decor-fnd-scaled.jpg» background_position=»bottom_left» custom_padding=»||0px||false|false» global_colors_info=»{}»][et_pb_row _builder_version=»4.17.4&#8243; _module_preset=»default» global_colors_info=»{}»][et_pb_column type=»4_4&#8243; _builder_version=»4.17.4&#8243; _module_preset=»default» global_colors_info=»{}»][et_pb_text _builder_version=»4.17.4&#8243; _module_preset=»default» header_font=»|700|||||||» header_text_align=»center» header_text_color=»#41516a» custom_margin=»||1em||false|false» custom_padding=»||0px||false|false» global_colors_info=»{}»]</p>
<h1>Participantes</h1>
<p>[/et_pb_text][et_pb_divider color=»#96f8ff» divider_style=»dotted» divider_weight=»2px» _builder_version=»4.17.4&#8243; _module_preset=»default» width=»70px» module_alignment=»center» custom_margin=»||1em||false|false» custom_padding=»||0px||false|false» global_colors_info=»{}»][/et_pb_divider][et_pb_text _builder_version=»4.17.4&#8243; _module_preset=»default» text_font=»|600|||||||» text_text_color=»#41516a» text_font_size=»15px» header_4_font=»|700|||||||» header_4_text_color=»#E09900&#8243; header_4_font_size=»20px» header_4_line_height=»1.5em» header_6_text_color=»#969696&#8243; header_6_line_height=»2.9em» text_orientation=»center» custom_padding=»0px|||||» global_colors_info=»{}»]</p>
<h4>¡Un proceso de todos y para todos!</h4>
<p>Las percepciones y aportes de los actores relacionados con nuestra institución son el insumo más importante para lograr nuestro Propósito Superior, siendo una fuente vital para potenciar fortalezas, identificar oportunidades e implementar mejoras conjuntas. Es por ello que nos esforzamos para lograr participación y/o representación de todos.</p>
<p>[/et_pb_text][/et_pb_column][/et_pb_row][/et_pb_section][et_pb_section fb_built=»1&#8243; _builder_version=»4.17.4&#8243; _module_preset=»default» background_color=»#f2f2f2&#8243; background_enable_pattern_style=»on» background_pattern_style=»confetti» background_pattern_color=»rgba(0,0,0,0.03)» global_colors_info=»{}»][et_pb_row column_structure=»1_3,1_3,1_3&#8243; _builder_version=»4.17.4&#8243; _module_preset=»default» global_colors_info=»{}»][et_pb_column type=»1_3&#8243; _builder_version=»4.17.4&#8243; _module_preset=»default» global_colors_info=»{}»][et_pb_icon font_icon=»&#xf500;||fa||900&#8243; icon_color=»#f7a400&#8243; icon_width=»70px» _builder_version=»4.17.4&#8243; _module_preset=»default» global_colors_info=»{}» icon_color__hover_enabled=»on|desktop» icon_color__hover=»#0c45cc»][/et_pb_icon][et_pb_text _builder_version=»4.18.0&#8243; _module_preset=»default» text_font=»|600|||||||» text_text_color=»#41516a» text_font_size=»15px» text_line_height=»1.5em» text_orientation=»center» hover_enabled=»0&#8243; global_colors_info=»{}» sticky_enabled=»0&#8243;]</p>
<p><strong>Estudiantes</strong></p>
<p><strong>Más de 9.000 estudiantes</strong>* activos (pregrado, posgrado, educación continua y consultoría)</p>
<p style="font-size: .7em;">*Cifra a junio de 2022</p>
<p>[/et_pb_text][/et_pb_column][et_pb_column type=»1_3&#8243; _builder_version=»4.17.4&#8243; _module_preset=»default» global_colors_info=»{}»][et_pb_icon font_icon=»&#xf51c;||fa||900&#8243; icon_color=»#f7a400&#8243; icon_width=»70px» _builder_version=»4.17.4&#8243; _module_preset=»default» global_colors_info=»{}» icon_color__hover_enabled=»on|desktop» icon_color__hover=»#0c45cc»][/et_pb_icon][et_pb_text _builder_version=»4.18.0&#8243; _module_preset=»default» text_font=»|600|||||||» text_text_color=»#41516a» text_font_size=»15px» text_line_height=»1.5em» text_orientation=»center» hover_enabled=»0&#8243; global_colors_info=»{}» sticky_enabled=»0&#8243;]</p>
<p><strong>Profesores</strong></p>
<p><strong>769 profesores</strong>*</p>
<p style="font-size: .7em;">*Cifra a junio de 2022</p>
<p>[/et_pb_text][/et_pb_column][et_pb_column type=»1_3&#8243; _builder_version=»4.17.4&#8243; _module_preset=»default» global_colors_info=»{}»][et_pb_icon font_icon=»&#xf508;||fa||900&#8243; icon_color=»#f7a400&#8243; icon_width=»70px» _builder_version=»4.17.4&#8243; _module_preset=»default» global_colors_info=»{}» icon_color__hover_enabled=»on|desktop» icon_color__hover=»#0c45cc»][/et_pb_icon][et_pb_text _builder_version=»4.18.0&#8243; _module_preset=»default» text_font=»|600|||||||» text_text_color=»#41516a» text_font_size=»15px» text_line_height=»1.5em» text_orientation=»center» hover_enabled=»0&#8243; global_colors_info=»{}» sticky_enabled=»0&#8243;]</p>
<p><strong>Junta Directiva y Corporados</strong></p>
<p><strong>18 miembros* de Junta Directiva</strong> y alrededor de <strong>119 corporados activos**</strong></p>
<p style="font-size: .7em;">*Cifra a marzo  de 2021 | **Cifra a diciembre de 2021.</p>
<p>[/et_pb_text][/et_pb_column][/et_pb_row][et_pb_row column_structure=»1_3,1_3,1_3&#8243; _builder_version=»4.17.4&#8243; _module_preset=»default» global_colors_info=»{}»][et_pb_column type=»1_3&#8243; _builder_version=»4.17.4&#8243; _module_preset=»default» global_colors_info=»{}»][et_pb_icon font_icon=»&#xf509;||fa||900&#8243; icon_color=»#f7a400&#8243; icon_width=»70px» _builder_version=»4.17.4&#8243; _module_preset=»default» global_colors_info=»{}» icon_color__hover_enabled=»on|desktop» icon_color__hover=»#0c45cc»][/et_pb_icon][et_pb_text _builder_version=»4.18.0&#8243; _module_preset=»default» text_font=»|600|||||||» text_text_color=»#41516a» text_font_size=»15px» text_line_height=»1.5em» text_orientation=»center» hover_enabled=»0&#8243; global_colors_info=»{}» sticky_enabled=»0&#8243;]</p>
<p><strong>Administrativos</strong></p>
<p><strong>631 administrativos</strong>*</p>
<p style="font-size: .7em;">*Cifra a junio de 2022</p>
<p>[/et_pb_text][/et_pb_column][et_pb_column type=»1_3&#8243; _builder_version=»4.17.4&#8243; _module_preset=»default» global_colors_info=»{}»][et_pb_icon font_icon=»&#xf501;||fa||900&#8243; icon_color=»#f7a400&#8243; icon_width=»70px» _builder_version=»4.17.4&#8243; _module_preset=»default» global_colors_info=»{}» icon_color__hover_enabled=»on|desktop» icon_color__hover=»#0c45cc»][/et_pb_icon][et_pb_text _builder_version=»4.18.0&#8243; _module_preset=»default» text_font=»|600|||||||» text_text_color=»#41516a» text_font_size=»15px» text_line_height=»1.5em» text_orientation=»center» hover_enabled=»0&#8243; global_colors_info=»{}» sticky_enabled=»0&#8243;]</p>
<p><strong>Graduados</strong></p>
<p>Más de <strong>52.000 graduados</strong>*</p>
<p style="font-size: .7em;">*Cifra a junio de 2022</p>
<p>[/et_pb_text][/et_pb_column][et_pb_column type=»1_3&#8243; _builder_version=»4.17.4&#8243; _module_preset=»default» global_colors_info=»{}»][et_pb_icon font_icon=»&#xe038;||divi||400&#8243; icon_color=»#f7a400&#8243; icon_width=»70px» _builder_version=»4.17.4&#8243; _module_preset=»default» global_colors_info=»{}» icon_color__hover_enabled=»on|desktop» icon_color__hover=»#0c45cc»][/et_pb_icon][et_pb_text _builder_version=»4.17.4&#8243; _module_preset=»default» text_font=»|600|||||||» text_text_color=»#41516a» text_font_size=»15px» text_line_height=»1.5em» text_orientation=»center» global_colors_info=»{}»]</p>
<p><strong>Sector productivo y social</strong></p>
<p>Representantes de diversos sectores como, social, cultural, salud, empresarial, financiero, estatal, gremial y judicial.</p>
<p>[/et_pb_text][/et_pb_column][/et_pb_row][/et_pb_section]</p>

<p>Participantes¡Un proceso de todos y para todos! Las percepciones y aportes de los actores relacionados con nuestra institución son el insumo más importante para lograr nuestro Propósito Superior, siendo una fuente vital para potenciar fortalezas, identificar oportunidades e implementar mejoras conjuntas. Es por ello que nos esforzamos para lograr participación y/o representación de todos.Estudiantes Más [&hellip;]</p>
