{"id":370,"date":"2020-12-23T11:36:02","date_gmt":"2020-12-23T16:36:02","guid":{"rendered":"https:\/\/unab.edu.co\/i2r\/?post_type=project&#038;p=370"},"modified":"2021-02-03T19:47:46","modified_gmt":"2021-02-04T00:47:46","slug":"el-marco-juridico-de-la-movilidad-laboral-juvenil-en-la-peninsula-iberica-y-en-la-alianza-del-pacifico","status":"publish","type":"project","link":"https:\/\/unab.edu.co\/i2r\/project\/el-marco-juridico-de-la-movilidad-laboral-juvenil-en-la-peninsula-iberica-y-en-la-alianza-del-pacifico\/","title":{"rendered":"<b>Ruth A. Ruiz A.<\/b>  <BR>El marco juridico de  la movilidad laboral juvenil en la Pen\u00ednsula Ib\u00e9rica y en la alianza del pac\u00edfico."},"content":{"rendered":"<p><iframe title=\"Marco jur\u00eddico y la movilidad juvenil\" width=\"1080\" height=\"810\" data-src=\"https:\/\/www.youtube.com\/embed\/2SLUy4APngE?feature=oembed\"  allow=\"accelerometer; autoplay; clipboard-write; encrypted-media; gyroscope; picture-in-picture\" allowfullscreen src=\"data:image\/svg+xml;base64,PHN2ZyB3aWR0aD0iMSIgaGVpZ2h0PSIxIiB4bWxucz0iaHR0cDovL3d3dy53My5vcmcvMjAwMC9zdmciPjwvc3ZnPg==\" class=\"lazyload\" data-load-mode=\"1\"><\/iframe><\/p>\n<ul>\n<li>Ruth Adriana Ruiz Alarc\u00f3n<\/li>\n<li>rruiz2@unab.edu.co<\/li>\n<\/ul>\n","protected":false},"excerpt":{"rendered":"<p>Ruth Adriana Ruiz Alarc\u00f3n rruiz2@unab.edu.co<\/p>\n","protected":false},"author":8,"featured_media":729,"comment_status":"open","ping_status":"closed","template":"","meta":{"_et_pb_use_builder":"","_et_pb_old_content":"","_et_gb_content_width":"","pgc_sgb_lightbox_settings":"","footnotes":""},"project_category":[16],"project_tag":[],"class_list":["post-370","project","type-project","status-publish","has-post-thumbnail","hentry","project_category-paz-justicia-e-instituciones-solidas"],"_links":{"self":[{"href":"https:\/\/unab.edu.co\/i2r\/wp-json\/wp\/v2\/project\/370","targetHints":{"allow":["GET"]}}],"collection":[{"href":"https:\/\/unab.edu.co\/i2r\/wp-json\/wp\/v2\/project"}],"about":[{"href":"https:\/\/unab.edu.co\/i2r\/wp-json\/wp\/v2\/types\/project"}],"author":[{"embeddable":true,"href":"https:\/\/unab.edu.co\/i2r\/wp-json\/wp\/v2\/users\/8"}],"replies":[{"embeddable":true,"href":"https:\/\/unab.edu.co\/i2r\/wp-json\/wp\/v2\/comments?post=370"}],"version-history":[{"count":4,"href":"https:\/\/unab.edu.co\/i2r\/wp-json\/wp\/v2\/project\/370\/revisions"}],"predecessor-version":[{"id":948,"href":"https:\/\/unab.edu.co\/i2r\/wp-json\/wp\/v2\/project\/370\/revisions\/948"}],"wp:featuredmedia":[{"embeddable":true,"href":"https:\/\/unab.edu.co\/i2r\/wp-json\/wp\/v2\/media\/729"}],"wp:attachment":[{"href":"https:\/\/unab.edu.co\/i2r\/wp-json\/wp\/v2\/media?parent=370"}],"wp:term":[{"taxonomy":"project_category","embeddable":true,"href":"https:\/\/unab.edu.co\/i2r\/wp-json\/wp\/v2\/project_category?post=370"},{"taxonomy":"project_tag","embeddable":true,"href":"https:\/\/unab.edu.co\/i2r\/wp-json\/wp\/v2\/project_tag?post=370"}],"curies":[{"name":"wp","href":"https:\/\/api.w.org\/{rel}","templated":true}]}}

<b>Ruth A. Ruiz A.</b>  <BR>El marco juridico de  la movilidad laboral juvenil en la Península Ibérica y en la alianza del pacífico.

<p><iframe title="Marco jurídico y la movilidad juvenil" width="1080" height="810" data-src="https://www.youtube.com/embed/2SLUy4APngE?feature=oembed"  allow="accelerometer; autoplay; clipboard-write; encrypted-media; gyroscope; picture-in-picture" allowfullscreen src="data:image/svg+xml;base64,PHN2ZyB3aWR0aD0iMSIgaGVpZ2h0PSIxIiB4bWxucz0iaHR0cDovL3d3dy53My5vcmcvMjAwMC9zdmciPjwvc3ZnPg==" class="lazyload" data-load-mode="1"></iframe></p>
<ul>
<li>Ruth Adriana Ruiz Alarcón</li>
<li>rruiz2@unab.edu.co</li>
</ul>

<p>Ruth Adriana Ruiz Alarcón rruiz2@unab.edu.co</p>
