{"id":503,"date":"2020-12-23T14:59:36","date_gmt":"2020-12-23T19:59:36","guid":{"rendered":"https:\/\/unab.edu.co\/i2r\/?post_type=project&#038;p=503"},"modified":"2021-02-03T17:10:34","modified_gmt":"2021-02-03T22:10:34","slug":"migracion-y-seguridad-ciudadana-reto-de-la-nueva-normalidad","status":"publish","type":"project","link":"https:\/\/unab.edu.co\/i2r\/project\/migracion-y-seguridad-ciudadana-reto-de-la-nueva-normalidad\/","title":{"rendered":"<b>Mar\u00eda C. Garc\u00eda C.<\/b>  <BR><b>Mar\u00eda L. Rivero A.<\/b>  <BR><b>Diana A. Sarmiento P.<\/b>  <BR>Migraci\u00f3n y seguridad ciudadana: reto de la nueva normalidad."},"content":{"rendered":"<p><iframe title=\"Migraci\u00f3n y seguridad ciudadana: reto de la nueva normalidad\" width=\"1080\" height=\"608\" data-src=\"https:\/\/www.youtube.com\/embed\/fPgjTvZYXXI?feature=oembed\"  allow=\"accelerometer; autoplay; clipboard-write; encrypted-media; gyroscope; picture-in-picture\" allowfullscreen src=\"data:image\/svg+xml;base64,PHN2ZyB3aWR0aD0iMSIgaGVpZ2h0PSIxIiB4bWxucz0iaHR0cDovL3d3dy53My5vcmcvMjAwMC9zdmciPjwvc3ZnPg==\" class=\"lazyload\" data-load-mode=\"1\"><\/iframe><\/p>\n<ul>\n<li>Mar\u00eda Camila Garc\u00eda Contreras<\/li>\n<li>mgarcia828@unab.edu.co<\/li>\n<li>Mar\u00eda Luc\u00eda Rivero Arenas<\/li>\n<li>mrivero674@unab.edu.co<\/li>\n<li>Diana Alejandra Sarmiento Pedraza<\/li>\n<li>dsarmiento89@unab.edu.co<\/li>\n<\/ul>\n","protected":false},"excerpt":{"rendered":"<p>Mar\u00eda Camila Garc\u00eda Contreras mgarcia828@unab.edu.co Mar\u00eda Luc\u00eda Rivero Arenas mrivero674@unab.edu.co Diana Alejandra Sarmiento Pedraza dsarmiento89@unab.edu.co<\/p>\n","protected":false},"author":8,"featured_media":608,"comment_status":"open","ping_status":"closed","template":"","meta":{"_et_pb_use_builder":"","_et_pb_old_content":"","_et_gb_content_width":"","pgc_sgb_lightbox_settings":"","footnotes":""},"project_category":[16],"project_tag":[],"class_list":["post-503","project","type-project","status-publish","has-post-thumbnail","hentry","project_category-paz-justicia-e-instituciones-solidas"],"_links":{"self":[{"href":"https:\/\/unab.edu.co\/i2r\/wp-json\/wp\/v2\/project\/503","targetHints":{"allow":["GET"]}}],"collection":[{"href":"https:\/\/unab.edu.co\/i2r\/wp-json\/wp\/v2\/project"}],"about":[{"href":"https:\/\/unab.edu.co\/i2r\/wp-json\/wp\/v2\/types\/project"}],"author":[{"embeddable":true,"href":"https:\/\/unab.edu.co\/i2r\/wp-json\/wp\/v2\/users\/8"}],"replies":[{"embeddable":true,"href":"https:\/\/unab.edu.co\/i2r\/wp-json\/wp\/v2\/comments?post=503"}],"version-history":[{"count":4,"href":"https:\/\/unab.edu.co\/i2r\/wp-json\/wp\/v2\/project\/503\/revisions"}],"predecessor-version":[{"id":823,"href":"https:\/\/unab.edu.co\/i2r\/wp-json\/wp\/v2\/project\/503\/revisions\/823"}],"wp:featuredmedia":[{"embeddable":true,"href":"https:\/\/unab.edu.co\/i2r\/wp-json\/wp\/v2\/media\/608"}],"wp:attachment":[{"href":"https:\/\/unab.edu.co\/i2r\/wp-json\/wp\/v2\/media?parent=503"}],"wp:term":[{"taxonomy":"project_category","embeddable":true,"href":"https:\/\/unab.edu.co\/i2r\/wp-json\/wp\/v2\/project_category?post=503"},{"taxonomy":"project_tag","embeddable":true,"href":"https:\/\/unab.edu.co\/i2r\/wp-json\/wp\/v2\/project_tag?post=503"}],"curies":[{"name":"wp","href":"https:\/\/api.w.org\/{rel}","templated":true}]}}

<b>María C. García C.</b>  <BR><b>María L. Rivero A.</b>  <BR><b>Diana A. Sarmiento P.</b>  <BR>Migración y seguridad ciudadana: reto de la nueva normalidad.

<p><iframe title="Migración y seguridad ciudadana: reto de la nueva normalidad" width="1080" height="608" data-src="https://www.youtube.com/embed/fPgjTvZYXXI?feature=oembed"  allow="accelerometer; autoplay; clipboard-write; encrypted-media; gyroscope; picture-in-picture" allowfullscreen src="data:image/svg+xml;base64,PHN2ZyB3aWR0aD0iMSIgaGVpZ2h0PSIxIiB4bWxucz0iaHR0cDovL3d3dy53My5vcmcvMjAwMC9zdmciPjwvc3ZnPg==" class="lazyload" data-load-mode="1"></iframe></p>
<ul>
<li>María Camila García Contreras</li>
<li>mgarcia828@unab.edu.co</li>
<li>María Lucía Rivero Arenas</li>
<li>mrivero674@unab.edu.co</li>
<li>Diana Alejandra Sarmiento Pedraza</li>
<li>dsarmiento89@unab.edu.co</li>
</ul>

<p>María Camila García Contreras mgarcia828@unab.edu.co María Lucía Rivero Arenas mrivero674@unab.edu.co Diana Alejandra Sarmiento Pedraza dsarmiento89@unab.edu.co</p>
